{"id":220,"date":"2025-06-05T00:34:26","date_gmt":"2025-06-05T00:34:26","guid":{"rendered":"https:\/\/vistotrip4you.demarcweb.com.br\/?page_id=220"},"modified":"2025-06-25T00:33:38","modified_gmt":"2025-06-25T00:33:38","slug":"eta","status":"publish","type":"page","link":"https:\/\/vistotrip4you.demarcweb.com.br\/index.php\/eta\/","title":{"rendered":"ETA"},"content":{"rendered":"<h2>Est\u00e1 pronto para explorar destinos incr\u00edveis?<\/h2>\n<p>\t\tN\u00f3s planejamos cada detalhe para que voc\u00ea <strong>viva a magia dessa jornada!<\/strong>\t\t<\/p>\n<h2>O que \u00e9 o ETA?<\/h2>\n<p>\t\t\t\t\t\t\t\t\t\t\t\t\t\t\t<img loading=\"lazy\" decoding=\"async\" width=\"374\" height=\"429\" src=\"https:\/\/vistotrip4you.demarcweb.com.br\/wp-content\/uploads\/2025\/06\/Group-86-4.png\" alt=\"\" srcset=\"https:\/\/vistotrip4you.demarcweb.com.br\/wp-content\/uploads\/2025\/06\/Group-86-4.png 374w, https:\/\/vistotrip4you.demarcweb.com.br\/wp-content\/uploads\/2025\/06\/Group-86-4-262x300.png 262w\" sizes=\"auto, (max-width: 374px) 100vw, 374px\" \/>\t\t\t\t\t\t\t\t\t\t\t\t\t\t\t<\/p>\n<p>O ETA (Electronic Travel Authorization) \u00e9 uma <strong>Autoriza\u00e7\u00e3o Eletr\u00f4nica de Viagem<\/strong> exigida pelo governo do Canad\u00e1 para cidad\u00e3os de determinados pa\u00edses que n\u00e3o precisam de um visto tradicional para entrar no territ\u00f3rio canadense. Essa exig\u00eancia se aplica exclusivamente a viajantes que chegam por via a\u00e9rea, e tem como p\u00fablico-alvo aqueles que desejam visitar o pa\u00eds por <strong>turismo<\/strong>,<strong> neg\u00f3cios<\/strong>, <strong>estudos<\/strong> <strong>de curta dura\u00e7\u00e3o<\/strong> ou que estejam apenas em tr\u00e2nsito, fazendo conex\u00e3o no Canad\u00e1 a caminho de outro destino internacional.\u2028<\/p>\n<p>A obrigatoriedade do ETA faz parte de uma <strong>pol\u00edtica de imigra\u00e7\u00e3o mais moderna<\/strong> <strong>e segura<\/strong>, implementada pelas autoridades canadenses com o objetivo de fortalecer a seguran\u00e7a das fronteiras. Com o sistema eletr\u00f4nico, o Canad\u00e1 consegue realizar uma triagem pr\u00e9via dos passageiros antes do embarque, o que contribui para um controle mais eficiente e <strong>evita atrasos no momento da chegada ao pa\u00eds<\/strong>.<\/p>\n<h1>Quem pode solicitar?<\/h1>\n<p>Se voc\u00ea \u00e9 cidad\u00e3o de um dos pa\u00edses isentos de visto para o Canad\u00e1 \u2014 como Portugal, Espanha, Fran\u00e7a, Alemanha, <strong>Jap\u00e3o<\/strong>, <strong>Austr\u00e1lia<\/strong>,<strong> It\u00e1lia<\/strong>, <strong>Reino Unido<\/strong>, entre outros \u2014, \u00e9 necess\u00e1rio obter uma autoriza\u00e7\u00e3o eletr\u00f4nica chamada ETA antes de embarcar para o pa\u00eds por via a\u00e9rea.<br \/>Essa autoriza\u00e7\u00e3o \u00e9 <strong>obrigat\u00f3ria mesmo para viagens de curta dura\u00e7\u00e3o<\/strong>. Ou seja, mesmo que voc\u00ea n\u00e3o v\u00e1 sair do aeroporto, o <strong>ETA ainda \u00e9 exigido<\/strong>.<br \/><strong>O ETA<\/strong> n\u00e3o \u00e9 um visto<br \/>Muita gente confunde o ETA com um visto tradicional, mas eles s\u00e3o coisas diferentes:<br \/>. O visto convencional <strong>exige um processo mais longo<\/strong>, incluindo <strong>entrevista no consulado<\/strong>, <strong>entrega de documentos<\/strong> f<strong>\u00edsicos e prazos maiores de espera<\/strong>.<br \/>. O ETA, por outro lado, \u00e9 uma autoriza\u00e7\u00e3o eletr\u00f4nica simplificada e 100% online, criada exclusivamente para cidad\u00e3os de pa\u00edses que t\u00eam acordo de isen\u00e7\u00e3o de visto com o Canad\u00e1.<\/p>\n<p>Brasileiros tamb\u00e9m podem solicitar o <strong>ETA (com restri\u00e7\u00f5es)\u00a0<\/strong> \u00a0 \u00a0 \u00a0 \u00a0 \u00a0 \u00a0 \u00a0 \u00a0 \u00a0 \u00a0 \u00a0 \u00a0 \u00a0 \u00a0 \u00a0 \u00a0 \u00a0 \u00a0 \u00a0 \u00a0 \u00a0 \u00a0 \u00a0 \u00a0 \u00a0 \u00a0 \u00a0 \u00a0 \u00a0 \u00a0 \u00a0 \u00a0 \u00a0 \u00a0 \u00a0 \u00a0 \u00a0 \u00a0 \u00a0 \u00a0 \u00a0 \u00a0 \u00a0 \u00a0 \u00a0 \u00a0 \u00a0 \u00a0 \u00a0 \u00a0 \u00a0 \u00a0 \u00a0 \u00a0 \u00a0 \u00a0 \u00a0 \u00a0 \u00a0 \u00a0 \u00a0 \u00a0 \u00a0 \u00a0 \u00a0 \u00a0 \u00a0 \u00a0 \u00a0 \u00a0 \u00a0 \u00a0 \u00a0 \u00a0 \u00a0 \u00a0 \u00a0 \u00a0 \u00a0 \u00a0 \u00a0 \u00a0 \u00a0 \u00a0 Embora o Brasil n\u00e3o esteja na lista completa de pa\u00edses isentos de visto, alguns brasileiros s\u00e3o eleg\u00edveis para o ETA, desde que se encaixem em pelo menos uma das condi\u00e7\u00f5es abaixo:<br \/>\u00a0. J\u00e1 tenham tido um <strong>visto canadense nos \u00faltimos 10 anos<\/strong>,\u2028ou<br \/>\u00a0. Possuam um visto americano de n\u00e3o imigrante v\u00e1lido (como o de <strong>turismo<\/strong> ou<strong> neg\u00f3cios<\/strong>).<br \/>Se voc\u00ea n\u00e3o atender a nenhum desses requisitos, <strong>precisar\u00e1 solicitar um visto tradicional<\/strong> para entrar no Canad\u00e1.<\/p>\n<p>\t\t\t\t\t\t\t\t\t\t\t\t\t\t\t<img loading=\"lazy\" decoding=\"async\" width=\"428\" height=\"312\" src=\"https:\/\/vistotrip4you.demarcweb.com.br\/wp-content\/uploads\/2025\/06\/Frame-7.png\" alt=\"\" srcset=\"https:\/\/vistotrip4you.demarcweb.com.br\/wp-content\/uploads\/2025\/06\/Frame-7.png 428w, https:\/\/vistotrip4you.demarcweb.com.br\/wp-content\/uploads\/2025\/06\/Frame-7-300x219.png 300w\" sizes=\"auto, (max-width: 428px) 100vw, 428px\" \/>\t\t\t\t\t\t\t\t\t\t\t\t\t\t\t<\/p>\n<h2>Como solicitar?<\/h2>\n<p><strong>1.Preencha o formul\u00e1rio online<\/strong> com seus dados pessoais e passaporte<br \/><strong>2.Pague a taxa de solicita\u00e7\u00e3o<\/strong> com seguran\u00e7a<br \/><strong>3.Aguarde a aprova\u00e7\u00e3o<\/strong>, que chega por e-mail em at\u00e9 <strong>72 horas<\/strong><br \/><strong>4.Viaje com tranquilidade<\/strong> para os Estados Unidos<\/p>\n<h2>Solicite seu ETA agora e  evite contratempos na imigra\u00e7\u00e3o!<\/h2>\n<p>Garanta sua entrada no Canad\u00e1 com tranquilidade e total conformidade com as exig\u00eancias do governo canadense. N\u00e3o deixe para a \u00faltima hora e evite imprevistos no embarque ou na chegada ao pa\u00eds!<\/p>\n<p>\t\t\t\t\t<a href=\"#\"><br \/>\n\t\t\t\t<svg xmlns=\"http:\/\/www.w3.org\/2000\/svg\" width=\"19\" height=\"16\" viewBox=\"0 0 19 16\" fill=\"none\"><path d=\"M14.3993 6.00551C10.4113 9.34331 6.4562 12.6535 2.55434 15.9192C1.70543 15.2114 0.900218 14.5401 0.102634 13.8751C4.42976 10.2303 8.78962 6.55793 13.2151 2.83027C8.78568 2.83027 4.417 2.83027 0 2.83027C0 1.86698 0 0.961438 0 4.78694e-05C0.228029 4.78694e-05 0.44245 4.74487e-05 0.656872 4.74487e-05C6.12291 4.70077e-05 11.589 -0.000135906 17.055 0.000219492C18.0136 0.000281794 18.9999 0.820805 18.9999 1.61699C19.0001 6.19178 19 10.7666 19 15.3414C19 15.5239 19 15.7065 19 15.9291C17.8856 15.9291 16.8033 15.9291 15.679 15.9291C15.679 12.3199 15.679 8.7238 15.679 4.94221C15.1778 5.35855 14.805 5.66824 14.3993 6.00551Z\" fill=\"#60E1E0\"><\/path><\/svg><br \/>\n\t\t\t\t\t\t\t\t\tSOLICITAR AGORA<br \/>\n\t\t\t\t\t<\/a><\/p>\n","protected":false},"excerpt":{"rendered":"<p>Est\u00e1 pronto para explorar destinos incr\u00edveis? N\u00f3s planejamos cada detalhe para que voc\u00ea viva a magia dessa jornada! O que \u00e9 o ETA? O ETA (Electronic Travel Authorization) \u00e9 uma Autoriza\u00e7\u00e3o Eletr\u00f4nica de Viagem exigida pelo governo do Canad\u00e1 para cidad\u00e3os de determinados pa\u00edses que n\u00e3o precisam de um visto tradicional para entrar no territ\u00f3rio [&hellip;]<\/p>\n","protected":false},"author":1,"featured_media":0,"parent":0,"menu_order":0,"comment_status":"closed","ping_status":"closed","template":"elementor_canvas","meta":{"footnotes":""},"class_list":["post-220","page","type-page","status-publish","hentry"],"_links":{"self":[{"href":"https:\/\/vistotrip4you.demarcweb.com.br\/index.php\/wp-json\/wp\/v2\/pages\/220","targetHints":{"allow":["GET"]}}],"collection":[{"href":"https:\/\/vistotrip4you.demarcweb.com.br\/index.php\/wp-json\/wp\/v2\/pages"}],"about":[{"href":"https:\/\/vistotrip4you.demarcweb.com.br\/index.php\/wp-json\/wp\/v2\/types\/page"}],"author":[{"embeddable":true,"href":"https:\/\/vistotrip4you.demarcweb.com.br\/index.php\/wp-json\/wp\/v2\/users\/1"}],"replies":[{"embeddable":true,"href":"https:\/\/vistotrip4you.demarcweb.com.br\/index.php\/wp-json\/wp\/v2\/comments?post=220"}],"version-history":[{"count":14,"href":"https:\/\/vistotrip4you.demarcweb.com.br\/index.php\/wp-json\/wp\/v2\/pages\/220\/revisions"}],"predecessor-version":[{"id":354,"href":"https:\/\/vistotrip4you.demarcweb.com.br\/index.php\/wp-json\/wp\/v2\/pages\/220\/revisions\/354"}],"wp:attachment":[{"href":"https:\/\/vistotrip4you.demarcweb.com.br\/index.php\/wp-json\/wp\/v2\/media?parent=220"}],"curies":[{"name":"wp","href":"https:\/\/api.w.org\/{rel}","templated":true}]}}